re the prime factors of 29249?
11, 2659
What are the prime factors of 3586254?
2, 3, 7, 103, 829
List the prime factors of 17331.
3, 53, 109
List the prime factors of 318027.
3, 227, 467
List the prime factors of 4318633.
11, 419, 937
List the prime factors of 129836.
2, 7, 4637
List the prime factors of 318639.
3, 106213
What are the prime factors of 2925205?
5, 585041
List the prime factors of 48961.
11, 4451
List the prime factors of 2059742.
2, 23, 44777
List the prime factors of 3828901.
3828901
List the prime factors of 19408523.
43, 451361
What are the prime factors of 10250395?
5, 2050079
What are the prime factors of 6223?
7, 127
List the prime factors of 1700223.
3, 7, 80963
What are the prime factors of 1885376?
2, 89, 331
List the prime factors of 28026899.
47, 596317
What are the prime factors of 14515318?
2, 7257659
What are the prime factors of 5371392?
2, 3, 13, 269
What are the prime factors of 28790906?
2, 14395453
What are the prime factors of 6652305?
3, 5, 11, 89, 151
List the prime factors of 215602.
2, 23, 43, 109
List the prime factors of 2634095.
5, 397, 1327
What are the prime factors of 6265410?
2, 3, 5, 31, 6737
List the prime factors of 24335897.
24335897
List the prime factors of 5725477.
5725477
What are the prime factors of 697210?
2, 5, 113, 617
List the prime factors of 194917.
194917
List the prime factors of 10732819.
10732819
List the prime factors of 34019827.
281, 121067
List the prime factors of 121312.
2, 17, 223
List the prime factors of 7131679.
23, 43, 7211
List the prime factors of 3088021.
3088021
What are the prime factors of 631985?
5, 126397
List the prime factors of 4891750.
2, 5, 17, 1151
List the prime factors of 93109.
17, 5477
What are the prime factors of 6973744?
2, 435859
List the prime factors of 6312717.
3, 701413
List the prime factors of 705236.
2, 7, 89, 283
List the prime factors of 10396252.
2, 739, 3517
List the prime factors of 2083656.
2, 3, 17, 5107
What are the prime factors of 386118?
2, 3, 19, 1129
List the prime factors of 186206.
2, 93103
What are the prime factors of 7705277?
661, 11657
What are the prime factors of 4370463?
3, 161869
List the prime factors of 702504.
2, 3, 11, 887
What are the prime factors of 18407309?
347, 53047
List the prime factors of 1047857.
23, 29, 1571
What are the prime factors of 479298?
2, 3, 17, 37, 127
List the prime factors of 1960016.
2, 122501
What are the prime factors of 950615?
5, 31, 6133
List the prime factors of 866817.
3, 7, 13759
What are the prime factors of 14154538?
2, 31, 228299
List the prime factors of 58567.
58567
What are the prime factors of 14217236?
2, 11, 17, 83, 229
List the prime factors of 462173.
29, 15937
What are the prime factors of 27528530?
2, 5, 19, 144887
List the prime factors of 14479.
14479
What are the prime factors of 142195?
5, 28439
What are the prime factors of 1371622?
2, 7, 97973
What are the prime factors of 4746807?
3, 13, 29, 1399
List the prime factors of 2867907.
3, 7, 37, 3691
What are the prime factors of 26836678?
2, 11, 1219849
What are the prime factors of 269451?
3, 7, 13, 47
List the prime factors of 365383.
191, 1913
What are the prime factors of 3022247?
419, 7213
What are the prime factors of 1133797?
7, 161971
List the prime factors of 2064133.
29, 109, 653
List the prime factors of 147289.
147289
What are the prime factors of 2318625?
3, 5, 229
List the prime factors of 380650.
2, 5, 23, 331
List the prime factors of 46856.
2, 5857
List the prime factors of 9525497.
97, 283, 347
List the prime factors of 486500.
2, 5, 7, 139
List the prime factors of 1826868.
2, 3, 152239
List the prime factors of 677948.
2, 23, 7369
What are the prime factors of 8387124?
2, 3, 41, 17047
List the prime factors of 16120935.
3, 5, 358243
What are the prime factors of 168503?
167, 1009
What are the prime factors of 28248135?
3, 5, 17, 110777
List the prime factors of 70698.
2, 3, 11783
What are the prime factors of 169159?
169159
What are the prime factors of 6479032?
2, 7, 127, 911
List the prime factors of 23606647.
773, 30539
What are the prime factors of 16855447?
7, 383, 6287
List the prime factors of 81726.
2, 3, 53, 257
List the prime factors of 2105499.
3, 11, 63803
List the prime factors of 1221066.
2, 3, 7, 11, 881
What are the prime factors of 202143?
3, 43, 1567
List the prime factors of 1727250.
2, 3, 5, 7, 47
List the prime factors of 186775.
5, 31, 241
What are the prime factors of 5274032?
2, 329627
List the prime factors of 321239.
321239
List the prime factors of 357207.
3, 119069
List the prime factors of 11622318.
2, 3, 503, 3851
What are the prime factors of 272507?
272507
List the prime factors of 2525673.
3, 17, 49523
List the prime factors of 1387826.
2, 11, 199, 317
What are the prime factors of 11662986?
2, 3, 17, 114343
What are the prime factors of 102890?
2, 5, 10289
List the prime factors of 418485.
3, 5, 23, 1213
List the prime factors of 133726.
2, 66863
What are the prime factors of 2448612?
2, 3, 17, 4001
What are the prime factors of 4208872?
2, 101, 5209
What are the prime factors of 1067324?
2, 163, 1637
What are the prime factors of 233244?
2, 3, 11, 19, 31
What are the prime factors of 709588?
2, 11, 16127
List the prime factors of 1074513.
3, 11, 32561
What are the prime factors of 6162489?
3, 613, 1117
What are the prime factors of 17417319?
3, 19, 31, 9857
List the prime factors of 465380.
2, 5, 23269
List the prime factors of 27765.
3, 5, 617
What are the prime factors of 15421678?
2, 29, 265891
List the prime factors of 621436.
2, 43, 3613
List the prime factors of 102491.
113, 907
List the prime factors of 2949669.
3, 107, 1021
What are the prime factors of 2805223?
67, 149, 281
List the prime factors of 355778.
2, 177889
What are the prime factors of 857547?
3, 3529
List the prime factors of 306013.
103, 2971
List the prime factors of 17561956.
2, 4390489
What are the prime factors of 7956948?
2, 3, 107, 6197
List the prime factors of 463332.
2, 3, 38611
What are the prime factors of 61400?
2, 5, 307
What are the prime factors of 119371?
7, 17053
List the prime factors of 6427643.
19, 338297
What are the prime factors of 1501949?
1501949
What are the prime factors of 14342087?
23, 41, 67, 227
List the prime factors of 1617152.
2, 6317
What are the prime factors of 8505792?
2, 3, 14767
What are the prime factors of 15772162?
2, 7, 571, 1973
List the prime factors of 11899488.
2, 3, 123953
List the prime factors of 317454.
2, 3, 157, 337
List the prime factors of 320529.
3, 11, 883
List the prime factors of 634672.
2, 39667
What are the prime factors of 52092?
2, 3, 1447
What are the prime factors of 226841?
19, 11939
List the prime factors of 864146.
2, 432073
List the prime factors of 21628864.
2, 331, 1021
What are the prime factors of 5322776?
2, 29, 22943
What are the prime factors of 392799?
3, 11, 11903
List the prime factors of 183788.
2, 11, 4177
What are the prime factors of 6419153?
13, 347, 1423
List the prime factors of 4954908.
2, 3, 7, 61, 967
List the prime factors of 270768.
2, 3, 5641
What are the prime factors of 9030271?
181, 49891
What are the prime factors of 23115527?
709, 32603
What are the prime factors of 71022?
2, 3, 7, 19, 89
What are the prime factors of 11932342?
2, 19, 101, 3109
What are the prime factors of 771202?
2, 71, 5431
List the prime factors of 40450046.
2, 7, 13, 59, 3767
What are the prime factors of 2209595?
5, 457, 967
What are the prime factors of 1047384?
2, 3, 13, 373
List the prime factors of 4685301.
3, 520589
What are the prime factors of 235331?
17, 109, 127
List the prime factors of 14211383.
197, 72139
What are the prime factors of 177732?
2, 3, 4937
What are the prime factors of 12937672?
2, 11, 79, 1861
What are the prime factors of 11751939?
3, 435257
List the prime factors of 32565397.
32565397
List the prime factors of 3744198.
2, 3, 69337
List the prime factors of 221287.
11, 20117
List the prime factors of 118494.
2, 3, 29, 227
What are the prime factors of 2485308?
2, 3, 7, 29587
List the prime factors of 153630.
2, 3, 5, 569
What are the prime factors of 510536?
2, 13, 4909
What are the prime factors of 10466038?
2, 11, 475729
List the prime factors of 777349.
777349
What are the prime fact